t m be p(11). Suppose -11*j + m*j + 51 = 0. What is the greatest common divisor of 17 and j?
17
Let c(v) = -10*v + 2*v**2 + 5 + 12 - 2 + 0*v. Let w be c(8). Let r = 95 - w. What is the highest common factor of 64 and r?
32
Suppose 5*x = 122 - 12. Suppose -13750 = 11*a - 136*a. Calculate the greatest common divisor of x and a.
22
Let f(d) = d**3 + d**2 - 17*d + 40. Let v be f(0). What is the greatest common factor of v and 340?
20
Suppose 0 = 2*o, -3*y + 0*o = 5*o - 18. Let m be ((-2)/(-5))/(y/10)*39. Let s be 4/10 - (-193)/5. What is the highest common factor of m and s?
13
Let s(k) = k**3 + 15*k**2 - 17*k - 16. Let b be s(-16). Suppose 10 = 2*o - y - b*y, 2*o = 4*y - 2. Calculate the highest common divisor of 56 and o.
7
Suppose -3240 = 37*p - 42*p. What is the greatest common divisor of p and 18?
18
Suppose 3*d + 6 = -3*a, -5 + 1 = 2*d. Suppose 4*s - 5*s = a. Suppose 0 = -5*i - 15, -o + i - 6*i - 10 = s. What is the highest common divisor of o and 55?
5
Suppose 7*k = -6 - 85. Let x be k/(-8)*6 - (-1)/4. What is the highest common divisor of 4 and x?
2
Suppose -21*s + 7*s = -210. Let t = 25 - 22. Suppose 2*p - 2 = -t*d + 2, -5*p - 2*d = -21. Calculate the highest common divisor of s and p.
5
Let f(n) = 13*n - 1. Let w be f(7). Suppose -4*p + 5*t = p - w, -p - 5*t = -30. Let l = p - 14. What is the highest common factor of 3 and l?
3
Let w be ((-160)/60)/(2/(-24)). Let b(t) = -t**3 + 4*t**2 - 2*t + 1. Let k be b(3). Calculate the highest common divisor of w and k.
4
Suppose 2*y - 2*x = -12 + 112, -x = -5*y + 262. Calculate the greatest common factor of 1 and y.
1
Suppose 0 = 6*f - 25 - 95. Let l be f - (2 + 0 - 0). Calculate the greatest common divisor of l and 36.
18
Suppose -1386*n + 132 = -1374*n. Calculate the greatest common factor of n and 187.
11
Suppose -2*m + 16 = -0*m. Suppose -10*x + 184 = -m*x. What is the greatest common divisor of x and 23?
23
Let c be -129*(21 + 512/(-24)). Suppose 3*s = -s + 1892. Calculate the greatest common factor of c and s.
43
Let c(r) = -r**3 + 11*r**2 - 14*r - 3. Let z(f) = 11*f - 69. Let w be z(7). Let o be c(w). What is the highest common factor of 14 and o?
7
Let l(b) = b**2 - 2*b + 25. Let v be l(7). What is the greatest common divisor of 1920 and v?
60
Suppose 35360 = -176*p + 208*p. What is the highest common divisor of p and 130?
65
Suppose 4*u = z - 55, u + 181 = 4*z - 2*u. Let m = z + -38. What is the greatest common divisor of m and 25?
5
Let c(s) = -17*s + 22. Let n be c(-4). Suppose 14*z - 368 - 52 = 0. Calculate the highest common factor of z and n.
30
Let r = -34 - -38. Suppose 0*w - 100 = -r*w. What is the highest common divisor of w and 25?
25
Let b(v) = -42*v + 11. Let y be b(-5). Let r = -136 + y. Let m be 18 + (-2 + 1)*1. Calculate the greatest common factor of m and r.
17
Suppose 12*b + 8*b - 760 = 0. What is the greatest common factor of b and 114?
38
Let q(h) = -h**3 + 4*h**2 - 4*h + 4. Let d = -24 + 27. Let c be q(d). Calculate the greatest common divisor of c and 2.
1
Suppose 523 = 4*z + m, 658 = 5*z + m + 5. Calculate the greatest common factor of z and 90.
10
Let l(i) = i**2 - 4*i - 10. Let r be l(7). Suppose -4 = -n - 0*n, 3*v - n - 128 = 0. What is the greatest common factor of r and v?
11
Let l = 542 + -530. Suppose 4*g + 16 = k, -5*k = -2*g - 3*g - 35. Calculate the highest common divisor of l and k.
4
Suppose -3 = -y, 0 = -4*a + 5*a - 3*y - 70. Let w = -267 + 380. Let i = w - a. Calculate the greatest common divisor of i and 17.
17
Suppose 0 = -3*i - 9, z - 6*z + 4*i = -37. What is the greatest common divisor of 4 and z?
1
Let n = -140 + 239. Calculate the highest common divisor of n and 143.
11
Let n be ((-308)/6)/((-4)/6). Let t be ((-2)/(-6))/(1/21). Calculate the highest common divisor of t and n.
7
Let g be (-45)/(-10)*(-2)/(-3). Let h be g/(-6)*0 - -50. Let m be ((-29)/(-29))/(1/20). Calculate the highest common divisor of h and m.
10
Suppose -4*p + 588 = -5*m, 2*m - 3*m + 4*p - 108 = 0. Let b be 1/5 + m/(-25). What is the highest common factor of b and 10?
5
Suppose 0*l - 5*l - 126 = -2*q, 5*q - 269 = l. Calculate the greatest common divisor of 689 and q.
53
Suppose -3*h - 4*d = -30, -2*d - 51 = -3*h + d. What is the highest common factor of h and 238?
14
Suppose 0 = 8*p - 2*p - 792. Suppose 0 = -5*f + 3*o + 66, 3*o + 2*o = f - 22. Calculate the highest common factor of f and p.
12
Let a(o) = o**3 - 8*o**2 + 9*o - 9. Let p be a(7). Suppose 294 = -p*i - 11. Let v = -11 - i. What is the highest common divisor of 20 and v?
10
Suppose -8*a + 122 = -38. Calculate the greatest common factor of 100 and a.
20
Let b = -45 + 27. Let y be 3/18 + (-357)/b. Let o = y - 1. Calculate the highest common divisor of 19 and o.
19
Let k(r) = 7*r - 5. Let z be k(2). Suppose 5*i + b - z = 29, 10 = i - b. Let a = 30 + -10. Calculate the greatest common factor of i and a.
4
Suppose -3*k - 10 = -3*g - 1, 0 = 5*k - 25. Let q(r) = r**3 - 8*r**2 + 11*r + 2. Let d be q(g). What is the highest common factor of d and 18?
18
Let m be 4/(-38 + 18) - (-8842)/10. Calculate the greatest common divisor of m and 156.
52
Suppose 122 = 5*n + 5*v - 93, 4*v = 4. Calculate the greatest common factor of n and 525.
21
Let s(b) = 2*b**2 - 42*b + 35. Let j be s(21). Calculate the highest common divisor of j and 21.
7
Suppose -57 + 21 = -6*i. What is the greatest common divisor of 114 and i?
6
Suppose -o - 2*a - 3 = 0, 3*o + 23 - 22 = -4*a. What is the highest common divisor of 295 and o?
5
Let g = 14 + -2. Let d be -30*3*(-14)/g. Suppose 5*h - d = 35. What is the greatest common divisor of h and 4?
4
Let q = -24 + 27. Let j be (1 - (q + -4)) + 0. Calculate the highest common divisor of 22 and j.
2
Let y(a) = -48*a - 116. Let t be y(-10). What is the highest common factor of t and 112?
28
Let o(y) be the first derivative of -y**3/3 + y**2/2 + 13*y + 29. Let x be o(0). Calculate the highest common divisor of x and 13.
13
Let o(q) = -2*q**2 - 32*q + 2. Suppose -6 - 26 = 2*u. Let r be o(u). Suppose -r*l = l - 33. Calculate the greatest common factor of l and 22.
11
Suppose y - 5*d = 0, 2 = -d + 3*d. Calculate the greatest common factor of 5 and y.
5
Suppose 5*n - 36 = 2*n. Let l = 24 + n. Let o be (-208)/(-12) + (-4)/(-6). What is the highest common factor of l and o?
18
Let d = -9 - -13. Suppose -2*z + 10 = y, -z = -0*y - 2*y + 45. What is the greatest common divisor of d and y?
4
Suppose -2*z + 3*z - 7 = 0. Let o = 13 + -84. Let x = 78 + o. Calculate the greatest common factor of x and z.
7
Suppose 9*y - 618 = -177. Let b = 27 - 13. Calculate the greatest common divisor of y and b.
7
Let p(o) = -2*o + 97. Let a be p(-19). Let j be 2/(-7) - (-191)/7. What is the greatest common factor of j and a?
27
Suppose 15 + 69 = 3*u. What is the greatest common divisor of u and 252?
28
Suppose 16 + 12 = 2*g. Let u(q) = 3 - 7 + 15 - 5*q + 38. Let t be u(7). Calculate the highest common factor of t and g.
14
Let y(i) = -3*i**2 + 12*i. Let f(o) = o**2 - o. Let r = -3 - -4. Let p(m) = r*y(m) + 2*f(m). Let v be p(9). Calculate the greatest common divisor of v and 6.
3
Let c = 1034 + -1002. Calculate the highest common divisor of 10 and c.
2
Suppose 325 = 3*d + 5*c - 141, -5*d + 4*c = -715. What is the highest common factor of d and 168?
21
Suppose 5*s - 26 - 374 = 0. Let t(g) = g**2 - 63*g - 178. Let a be t(-3). Calculate the highest common divisor of s and a.
20
Let m(b) = -6*b - 11. Let k be m(-4). What is the greatest common divisor of 481 and k?
13
Suppose -3*f = -35 + 2. Suppose 3*t - f + 2 = 0. Suppose -5*d + 3*p + 197 = 0, t*d + 2*p - 104 + 1 = 0. Calculate the highest common divisor of 407 and d.
37
Let t be ((-2)/(2/(-7)))/1. Let c = 284 + -241. Suppose -2*i - 5*n = -c, -i = 3*n - 19 - 4. Calculate the greatest common divisor of i and t.
7
Let v be 70 - -3 - -2*1. Let q = v + -28. Suppose 5*d - q = 1078. Calculate the greatest common divisor of 25 and d.
25
Let n(k) = 16 - k**2 - 17 - 7 - 10*k. Let b be n(-6). Calculate the highest common divisor of b and 80.
16
Suppose -7*g - 216 = -11*g - 2*x, -5*g + 300 = -5*x. Suppose -5*c + 43 = 4*d + 16, 0 = d - 4*c - 12. What is the greatest common factor of d and g?
8
Let s = -23 + 50. Let w be (-14)/(-10) + (-15)/(-25). Suppose 5*l = -2*u + 23 + 10, w*l = -3*u + 33. What is th